126 = 7*c - v*c. Suppose 0 = -0*j + 5*j - 30. Calculate the highest common divisor of j and c.
6
Let u be ((-9)/(-18))/(5/(-40)) + 303. What is the highest common factor of 23 and u?
23
Let i be (-6 + 6)/(-1 - 0). Let c be -3*1 - (-10 - i). Let v be (c/(-21))/(1/(-42)). Calculate the greatest common factor of 21 and v.
7
Let q = -62 + 42. Let z = q - -116. What is the greatest common factor of 32 and z?
32
Let l(y) = 35*y**2 - 26*y - 25. Let a be l(-1). What is the highest common factor of a and 60?
12
Let c = 90 + -84. Suppose 1291 = c*w + 211. What is the highest common factor of 36 and w?
36
Let p = 17 - -3. Let g = 49 + 101. Let c = g + -70. Calculate the highest common divisor of p and c.
20
Let z(t) = -t**2 + 4*t + 11. Let n be z(4). Calculate the greatest common factor of n and 77.
11
Let n = 1373 - 68. Calculate the highest common divisor of n and 45.
45
Let b = -146 + 353. Let y = -20 - -43. Calculate the highest common divisor of b and y.
23
Let x be 4/(-10) - (7 - 1002/30). What is the highest common factor of 104 and x?
26
Let q be (-4 - -12) + (-6)/(9 + -6). Let m = -58 - -124. What is the greatest common divisor of q and m?
6
Suppose 0 = q - 4*q - 3. Let a(s) = 18*s**3 - s**2 - 3*s - 2. Let b be a(q). Let z be 2 - (b/(-3))/(-3). Calculate the highest common divisor of z and 8.
4
Suppose 3*g = -2*m + 40, -m + 10*g = 5*g - 46. Calculate the greatest common factor of 416 and m.
26
Let o = 205 - -3. What is the highest common divisor of 312 and o?
104
Let m be (-8)/14*7/(-2). Suppose -b - 9 = -4*b. Suppose b*u = -0 + 30. Calculate the greatest common divisor of u and m.
2
Let d = 2749 - 1909. What is the highest common factor of d and 45?
15
Let s = -25 - -39. Let m(a) = 73*a - 2*a**2 + a**2 + 22 - 128*a + 74*a. Let c be m(17). Calculate the highest common factor of s and c.
14
Let x(p) = p**2 + 11*p. Let s be x(-9). Let y be (-6090)/(-189) + 4/s. What is the highest common factor of y and 4?
4
Suppose 3*w = 3*z + 348, -4*w + 4*z - 616 = -9*w. What is the greatest common divisor of w and 165?
15
Suppose 10*i - 15 = 65. Suppose i*c - 287 - 49 = 0. Calculate the greatest common divisor of 105 and c.
21
Let d = -7 - 3. Let p be (-17 + 32)*(-6)/d. Let g = p - -11. What is the greatest common divisor of 4 and g?
4
Suppose 4*y = 4*u + 132, -5*y + 4*u - 2*u + 168 = 0. Suppose 5*k = -5*d + 255, -64*d + 62*d + 102 = -5*k. Calculate the highest common factor of d and y.
17
Let b be (0/(-2))/((-21)/(-7)). Suppose b = -4*h - 0 + 4. What is the highest common divisor of h and 1?
1
Suppose d - 4*d = -1224. Suppose 5*q - 2*i - 988 = 0, 0 = -5*q + i + 1397 - d. Suppose 28 = 2*t - 8. What is the highest common factor of t and q?
18
Let x = 1866 - 1861. What is the highest common factor of x and 505?
5
Let s = -79 + 85. Suppose -2*b = -2*y - 6, -5*y - 2 = -2*b - 5. Let c be 49/b - 1/s. What is the highest common factor of 12 and c?
4
Let f = 12 - 8. Let x be (-418)/(-13) - (-2 - (-280)/130). Calculate the highest common divisor of x and f.
4
Let a be 9/5 - (-8)/40. Suppose 165 = 5*x - 5*c, 0 = 5*x + 3*c + a*c - 135. What is the highest common divisor of 20 and x?
10
Let c(q) be the third derivative of 9*q**2 + 1/60*q**5 + 0 + 0*q + q**3 + 0*q**4 + 1/15*q**6. Let v be c(3). Calculate the greatest common divisor of v and 21.
21
Let n be 1/3 - 10/(-6). Suppose -n = -2*y + 4, -f = 5*y - 10. Let d = f - -13. What is the highest common factor of 32 and d?
8
Suppose -3*u - 5*n = -11, 5*u - 2*n + 0 - 8 = 0. Suppose -149*x = -200*x + 1530. Calculate the highest common divisor of u and x.
2
Suppose 3*u - 4*z = 153, 4*u - 15*z - 173 = -20*z. What is the greatest common factor of u and 611?
47
Let t be 52/(-390) + 19144/30. Calculate the highest common factor of 58 and t.
58
Let s = 386 - 353. Calculate the highest common factor of 143 and s.
11
Suppose -42*j + 4600 = -482. What is the highest common divisor of j and 22?
11
Suppose 7 = -y - 3*t, 2*y + 2*t + 6 - 4 = 0. What is the highest common factor of 14 and y?
2
Suppose 67*o - 60*o = 1652. What is the greatest common factor of 413 and o?
59
Let m be (-1 - (-16)/24)/((-3)/81). Calculate the greatest common divisor of 9 and m.
9
Suppose 5*v = 5*a - 70, -32 = v - 0*a + 5*a. Let w = v + 81. What is the greatest common divisor of 8 and w?
8
Suppose 15*w = -82 + 442. What is the highest common factor of w and 184?
8
Let k = 86 - 82. Suppose k*j = 3*g - 178, 0 = 5*g - g - 2*j - 254. Let z be -1 + (-3)/(6/(-46)). What is the greatest common divisor of z and g?
22
Suppose 0 = -2*s + 7*s + 4*y - 122, 3*s + 3*y - 75 = 0. Let x(o) = 1218*o - 6035. Let q be x(5). Calculate the greatest common factor of s and q.
11
Let a = 3061 + -2874. Calculate the highest common factor of 34 and a.
17
Let q = 35 - 32. Suppose -q*g - 5280 = 2*g. Let x be 13/(52/g)*-1. Calculate the greatest common divisor of x and 33.
33
Suppose -176 = 5*c - 196. Calculate the greatest common factor of c and 7.
1
Suppose 92*f + 1258 = 129*f. Calculate the greatest common divisor of f and 68.
34
Let x = 13 + 24. Let i be 1/(-12*(-8)/31968). What is the greatest common divisor of x and i?
37
Suppose -5*h = 5, 2079 = 3*v + h + 310. Calculate the highest common factor of v and 10.
10
Suppose -3*y + 210 = 2*j, 57*y + 2*j = 52*y + 354. What is the greatest common divisor of 1476 and y?
36
Suppose -4 = -u + 28. Calculate the highest common divisor of u and 112.
16
Suppose -2*k + 3 = t, t + 3*k - 3 + 0 = 0. Suppose 71 = 4*n - 3*l, -46 = -t*n + l + 11. What is the greatest common factor of 50 and n?
10
Let m be 8 - (5 + (-171)/9 + -5). Let j(w) = -w**3 + 3*w**2 - 3*w + 1. Let q be j(-5). Calculate the highest common factor of q and m.
27
Suppose 4*m + 98 = i, -4*m - 155 = -4*i + 285. What is the greatest common divisor of 95 and i?
19
Suppose -42 + 186 = 4*b. Let a = -21 - 3. Let y = a - -48. What is the highest common factor of y and b?
12
Let u = 100 - 98. Calculate the greatest common factor of 17 and u.
1
Suppose 46 = 3*d - 2*s - 29, s = d - 25. Let y = 42 - d. Calculate the highest common factor of y and 153.
17
Suppose -38 = -k + 4*b, 5*k - 14*b = -9*b + 145. What is the greatest common divisor of k and 494?
26
Let o(v) = -v**3 + 11*v**2 + 12*v - 6. Let z be (-147)/(-12) + (-4)/16. Let y be o(z). Let f = 15 - y. What is the highest common factor of f and 3?
3
Suppose -1967 + 1955 = -3*b. Let s(i) = i + 8. Let c be s(-6). Suppose 3*v + c - 8 = 0. Calculate the highest common factor of b and v.
2
Suppose -4*f = 2*c - 3694, 0 = f - 17*c + 12*c - 940. Calculate the greatest common divisor of 37 and f.
37
Suppose y + 14 = -4*c, 2*y + 4*c + 7 = -9. Let m be 1 + (-3 - 46/y). What is the greatest common divisor of m and 126?
21
Let o be 2/(((-6)/84*-4)/5). Let g(r) = r**2 - 8*r + 7. Let x be g(8). Calculate the greatest common divisor of x and o.
7
Suppose 195 = 2*i + 5*d, -8*i = -3*i - d - 528. Let n(z) = z**3 - z**2 + 15. Let c be n(0). What is the greatest common factor of i and c?
15
Let i = 11 + -6. Suppose i*n = 15 - 5. Suppose 18 = q + n*q. What is the highest common divisor of 54 and q?
6
Suppose -n + 520 = 64*n. Suppose -t = 2*j - 4, 4*j + 4*t - 3 - 5 = 0. What is the greatest common divisor of j and n?
2
Let x = 606 + -558. What is the highest common factor of x and 176?
16
Let c be (-3 + (-69)/(-21))/(1/7). Suppose c*l - 2*w - 16 = 64, 5*l + 4*w = 200. Calculate the highest common factor of l and 16.
8
Suppose -12 = q - 3*q. Let y be 1/(-2) - 230/4. Let h = -10 - y. What is the greatest common factor of h and q?
6
Suppose -4*h = f - 431, 0 = 5*h - f + 2*f - 539. Let k(d) = -4*d + 7. Let x be k(-5). What is the highest common divisor of h and x?
27
Let a(c) = c**3 - 20*c**2 + 19*c + 21. Let k be a(19). Calculate the highest common factor of k and 28.
7
Suppose -2*k = -3*f - 12, 2 = 5*f + 22. Let i be (-13 - -1)*3/((-36)/6). Let y be (12 - k)*92/i. What is the greatest common factor of y and 23?
23
Suppose -165*d - 1512 = -174*d. What is the greatest common factor of 72 and d?
24
Let u(z) = z**2 + 3*z + 3. Let r be u(-3). Suppose -r = -2*i + 11. What is the greatest common divisor of 35 and i?
7
Let y = 5 - 2. Suppose 0*h - 88 = -2*h - y*g, 4*g = -4*h + 176. Calculate the greatest common factor of 4 and h.
4
Let i(u) = -u**2 - 4*u + 14. Let x(p) = 2*p